{"id":2632,"date":"2018-08-18T19:44:23","date_gmt":"2018-08-18T17:44:23","guid":{"rendered":"http:\/\/www2.tc-niddatal.de\/?page_id=2632"},"modified":"2019-03-11T10:32:04","modified_gmt":"2019-03-11T09:32:04","slug":"datenschutz","status":"publish","type":"page","link":"https:\/\/www2.tc-niddatal.de\/?page_id=2632","title":{"rendered":"Datenschutz"},"content":{"rendered":"<p><strong>Datenschutzerkl\u00e4rung<\/strong><\/p>\n<p>Verantwortliche Stelle im Sinne der Datenschutzgesetze, insbesondere der EU-Datenschutzgrundverordnung (DSGVO), ist:<\/p>\n<p>TC Niddatal e.V.<br \/>\nAssenheimer Stra\u00dfe, 61194 Niddatal<br \/>\nZustelladresse: Thomas-Mann-Stra\u00dfe 9,  61194 Niddatal<\/p>\n<p><strong>Ihre Betroffenenrechte<\/strong><\/p>\n<p>Unter den angegebenen Kontaktdaten unseres Datenschutzbeauftragten k\u00f6nnen Sie jederzeit folgende Rechte aus\u00fcben:<\/p>\n<p>\u2022\tAuskunft \u00fcber Ihre bei uns gespeicherten Daten und deren Verarbeitung,<br \/>\n\u2022\tBerichtigung unrichtiger personenbezogener Daten,<br \/>\n\u2022\tL\u00f6schung Ihrer bei uns gespeicherten Daten, bzw.<br \/>\n\u2022\tEinschr\u00e4nkung der Datenverarbeitung, sofern wir Ihre Daten aufgrund gesetzlicher Pflichten noch nicht l\u00f6schen d\u00fcrfen,<br \/>\n\u2022\tWiderspruch gegen die Verarbeitung Ihrer Daten bei uns und Daten\u00fcbertragbarkeit, sofern Sie in die Datenverarbeitung eingewilligt haben oder einen Vertrag mit uns abgeschlossen haben.<\/p>\n<p>Sofern Sie uns eine Einwilligung erteilt haben, k\u00f6nnen Sie diese jederzeit mit Wirkung f\u00fcr die Zukunft widerrufen.<\/p>\n<p>Sie k\u00f6nnen sich jederzeit mit einer Beschwerde an die f\u00fcr Sie zust\u00e4ndige Aufsichtsbeh\u00f6rde wenden. Ihre zust\u00e4ndige Aufsichtsbeh\u00f6rde richtet sich nach dem Bundesland Ihres Wohnsitzes, Ihrer Arbeit oder der mutma\u00dflichen Verletzung. Eine Liste der Aufsichtsbeh\u00f6rden (f\u00fcr den nicht\u00f6ffentlichen Bereich) mit Anschrift finden Sie unter: https:\/\/www.bfdi.bund.de\/DE\/Infothek\/Anschriften_Links\/anschriften_links-node.html.<\/p>\n<p><strong>Zwecke der Datenverarbeitung durch den Verein und von Dritten<\/strong><\/p>\n<p>Wir verarbeiten Ihre personenbezogenen Daten nur zu den in dieser Datenschutzerkl\u00e4rung genannten Zwecken. Eine \u00dcbermittlung Ihrer pers\u00f6nlichen Daten an Dritte zu anderen als den genannten Zwecken findet nicht statt. Wir geben Ihre pers\u00f6nlichen Daten nur an Dritte weiter, wenn:<\/p>\n<p>\u2022\tSie Ihre ausdr\u00fcckliche Einwilligung dazu erteilt haben,<br \/>\n\u2022\t die Verarbeitung zur Abwicklung eines Vertrags mit Ihnen erforderlich ist,<br \/>\n\u2022\tdie Verarbeitung zur Erf\u00fcllung einer rechtlichen Verpflichtung erforderlich ist,<br \/>\n\u2022\tdie Verarbeitung zur Wahrung berechtigter Interessen erforderlich ist und kein Grund zur        Annahme besteht, dass Sie ein \u00fcberwiegendes schutzw\u00fcrdiges Interesse an der Nichtweitergabe Ihrer Daten haben.<\/p>\n<p>Der Verein erhebt, verarbeitet und nutzt personenbezogene Daten seiner Mitglieder (Einzelangaben \u00fcber pers\u00f6nliche und sachliche Verh\u00e4ltnisse) unter Einsatz von Datenverarbeitungsanlagen (EDV) zur Erf\u00fcllung der gem\u00e4\u00df der Satzung zul\u00e4ssigen Zwecke und Aufgaben, beispielsweise im Rahmen der Mitgliederverwaltung.  Hierbei handelt es sich insbesondere um folgende Mitgliederdaten: Name, Anschrift, Bankverbindung, Telefon-\/Faxnummern (Festnetz und Mobil) sowie E-Mail Adresse, Geburtsdatum, Geschlecht, Beruf, Nationalit\u00e4t, Foto, Lizenz(en), Funktion(en) im Verein.<\/p>\n<p>Als Mitglied im Landessportbund Hessen \/ Hessischer Tennis Verband ist der Verein verpflichtet, bestimmte personenbezogene Daten dorthin zu melden. \u00dcbermittelt werden: Name, Geburtsdatum\/-ort\/-name, Nationalit\u00e4t und Geschlecht der Mitglieder, Namen der Vorstandsmitglieder mit Funktion, Anschrift, Telefonnummern, Faxnummer und E-Mail- Adresse.<\/p>\n<p>Im Zusammenhang mit seinem Sportbetrieb sowie sonstigen satzungsgem\u00e4\u00dfen, bzw. dem Satzungszweck dienenden Veranstaltungen ver\u00f6ffentlicht der Verein personenbezogene Daten und Fotos gegebenenfalls in seiner  Vereinszeitung sowie auf seiner Homepage und \u00fcbermittelt Daten und Fotos zur Ver\u00f6ffentlichung an Print- und Telemedien sowie elektronische Medien. Dies betrifft insbesondere Start- und Teilnehmerlisten, Mannschaftsaufstellungen, Ergebnisse und Leistungspunkte, Wahlergebnisse sowie bei sportlichen oder sonstigen Versammlungen anwesende Vorstandsmitglieder und sonstige Funktion\u00e4re. <\/p>\n<p>Dar\u00fcber hinaus berichtet der Verein auch \u00fcber Ehrungen seiner Mitglieder sowie Veranstaltungen des Vereins. Hierbei werden Fotos von Mitgliedern und Anwesenden sowie personenbezogene Daten ver\u00f6ffentlicht: Name, Vereinszugeh\u00f6rigkeit und deren Dauer, Funktion im Verein und \u2013 soweit erforderlich \u2013 Alter, Geburtsjahrgang oder Geburtstag.<\/p>\n<p>Diese Berichte nebst Fotos darf der Verein \u2013 unter Meldung von Name, Funktion im Verein, Vereinszugeh\u00f6rigkeit und deren Dauer \u2013 auch an andere Print- und Telemedien sowie elektronische Medien \u00fcbermitteln. Der Ver\u00f6ffentlichung kann jederzeit gegen\u00fcber der \u201eVerantwortlichen Stelle im Sinne der Datenschutzgesetze\u201c widersprochen werden.<\/p>\n<p>Mitgliederlisten k\u00f6nnen als Datei oder in gedruckter Form insoweit an Vorstandsmitglieder, sonstige Funktion\u00e4re und gegebenenfalls Mitglieder herausgegeben werden, sofern deren Funktion oder besondere Aufgabenstellung  im Verein die Kenntnisnahme erfordern. <\/p>\n<p>Der Vorstand stellt sicher, dass weniger als 10 Personen regelm\u00e4\u00dfigen Zugriff auf  personenbezogene Daten haben und diese st\u00e4ndig automatisiert verarbeiten. <\/p>\n<p>Macht ein Mitglied glaubhaft, dass es die Mitgliederliste nebst Adresse und\/oder E-Mail Anschrift im Vereinsinteresse oder zur Wahrnehmung seiner satzungsgem\u00e4\u00dfen Rechte  (z.B.  Minderheitenrechte)  ben\u00f6tigt,  wird  ihm diese  ausgeh\u00e4ndigt. Diese Daten d\u00fcrfen lediglich zum glaubhaft gemachten Zweck verwendet werden.<\/p>\n<p>Mitgliederlisten \u2013 insbesondere unter Angabe von Name und Vorname des Mitglieds &#8211; k\u00f6nnen zur Kontrolle der Spielberechtigung, im Rahmen der Ranglistenwertung und sonstige vereinsdienliche Zwecke (z.B. Arbeitseins\u00e4tze mit Zeiterfassung) im Vereinsheim ver\u00f6ffentlicht werden.<\/p>\n<p>Der  Verein  ist  bem\u00fcht,  die  personenbezogenen  Daten durch  Ergreifung  technischer  und organisatorischer M\u00f6glichkeiten so zu speichern, dass sie f\u00fcr Dritte nicht zug\u00e4nglich sind. Es kann die vollst\u00e4ndige Datensicherheit durch den Verein jedoch nicht gew\u00e4hrleistet werden.<\/p>\n<p>Durch ihre Mitgliedschaft und die damit verbundene  Anerkennung der Vereinssatzung inklusive dieser Datenschutzerkl\u00e4rung stimmen die Mitglieder der Erhebung, Verarbeitung (Speicherung, Ver\u00e4nderung, \u00dcbermittlung) und Nutzung ihrer personenbezogenen  Daten  in  dem  in  dieser  Erkl\u00e4rung beschriebenen  Ausma\u00df  und  Umfang  zu. <\/p>\n<p>Gleiches  gilt  f\u00fcr  Nichtmitglieder &#8211; sofern sie nicht direkt widersprechen &#8211;  f\u00fcr den Fall, dass sie als Anwesende, wie vorab beschrieben, die Anlage des Vereins aufsuchen, an Veranstaltungen teilnehmen (z.B. Schleifchenturnier) bzw. die Veranstaltungen besuchen, o.\u00e4. <\/p>\n<p>Eine anderweitige, \u00fcber die Erf\u00fcllung seiner satzungsgem\u00e4\u00dfen Aufgaben und Zwecke hinausgehende Datenverwendung ist dem Verein nur erlaubt, sofern er aus gesetzlichen Gr\u00fcnden hierzu verpflichtet ist.<\/p>\n<p>Ein Datenverkauf ist nicht statthaft.<\/p>\n<p><strong>Verwendung von Scriptbibliotheken (Google Webfonts)<\/strong><\/p>\n<p>Um unsere Inhalte browser\u00fcbergreifend korrekt und grafisch ansprechend darzustellen, verwenden wir auf dieser Website Scriptbibliotheken und Schriftbibliotheken wie z. B. Google Webfonts (https:\/\/www.google.com\/webfonts\/). Google Webfonts werden zur Vermeidung mehrfachen Ladens in den Cache Ihres Browsers \u00fcbertragen. Falls der Browser die Google Webfonts nicht unterst\u00fctzt oder den Zugriff unterbindet, werden Inhalte in einer Standardschrift angezeigt.<\/p>\n<p>Der Aufruf von Scriptbibliotheken oder Schriftbibliotheken l\u00f6st automatisch eine Verbindung zum Betreiber der Bibliothek aus. Dabei ist es theoretisch m\u00f6glich \u2013 aktuell allerdings auch unklar ob und ggf. zu welchen Zwecken \u2013 , dass Betreiber entsprechender Bibliotheken Daten erheben.<\/p>\n<p>Die Datenschutzrichtlinie des Bibliothekbetreibers Google finden Sie hier: https:\/\/www.google.com\/policies\/privacy\/<\/p>\n<p><strong>Verwendung von Google Maps<\/strong><\/p>\n<p>Diese Webseite verwendet Google Maps API, um geographische Informationen visuell darzustellen. Bei der Nutzung von Google Maps werden von Google auch Daten \u00fcber die Nutzung der Kartenfunktionen durch Besucher erhoben, verarbeitet und genutzt. N\u00e4here Informationen \u00fcber die Datenverarbeitung durch Google k\u00f6nnen Sie den Google-Datenschutzhinweisen entnehmen. Dort k\u00f6nnen Sie im Datenschutzcenter auch Ihre pers\u00f6nlichen Datenschutz-Einstellungen ver\u00e4ndern.<\/p>\n<p>Ausf\u00fchrliche Anleitungen zur Verwaltung der eigenen Daten im Zusammenhang mit Google-Produkten finden Sie unter https:\/\/support.google.com\/accounts\/answer\/3024190.<\/p>\n<p><strong>\u00c4nderung unserer Datenschutzbestimmungen<\/strong><\/p>\n<p>Wir behalten uns vor, diese Datenschutzerkl\u00e4rung anzupassen, damit sie stets den aktuellen rechtlichen Anforderungen entspricht oder um \u00c4nderungen unserer Leistungen in der Datenschutzerkl\u00e4rung umzusetzen, z.B. bei der Einf\u00fchrung neuer Services. F\u00fcr Ihren erneuten Besuch gilt dann die neue Datenschutzerkl\u00e4rung.<\/p>\n<p><strong>Fragen an den Datenschutzbeauftragten<\/strong><\/p>\n<p>Wenn Sie Fragen zum Datenschutz haben, schreiben Sie uns bitte oder wenden Sie sich direkt an die Verantwortliche Stelle im Sinne der Datenschutzgesetze in unserem Verein. <\/p>\n<p><strong>Haftungsausschluss (Disclaimer)<\/strong><\/p>\n<p><em>Haftung f\u00fcr Inhalte<\/em><\/p>\n<p>Als Diensteanbieter sind wir gem\u00e4\u00df \u00a7 7 Abs.1 TMG f\u00fcr eigene Inhalte auf diesen Seiten nach den allgemeinen Gesetzen verantwortlich. Nach \u00a7\u00a7 8 bis 10 TMG sind wir als Diensteanbieter jedoch nicht verpflichtet, \u00fcbermittelte oder gespeicherte fremde Informationen zu \u00fcberwachen oder nach Umst\u00e4nden zu forschen, die auf eine rechtswidrige T\u00e4tigkeit hinweisen. Verpflichtungen zur Entfernung oder Sperrung der Nutzung von Informationen nach den allgemeinen Gesetzen bleiben hiervon unber\u00fchrt. Eine diesbez\u00fcgliche Haftung ist jedoch erst ab dem Zeitpunkt der Kenntnis einer konkreten Rechtsverletzung m\u00f6glich. Bei Bekanntwerden von entsprechenden Rechtsverletzungen werden wir diese Inhalte umgehend entfernen.<\/p>\n<p><em>Haftung f\u00fcr Links<\/em><\/p>\n<p>Unser Angebot enth\u00e4lt Links zu externen Webseiten Dritter, auf deren Inhalte wir keinen Einfluss haben. Deshalb k\u00f6nnen wir f\u00fcr diese fremden Inhalte auch keine Gew\u00e4hr \u00fcbernehmen. F\u00fcr die Inhalte der verlinkten Seiten ist stets der jeweilige Anbieter oder Betreiber der Seiten verantwortlich. Die verlinkten Seiten wurden zum Zeitpunkt der Verlinkung auf m\u00f6gliche Rechtsverst\u00f6\u00dfe \u00fcberpr\u00fcft. Rechtswidrige Inhalte waren zum Zeitpunkt der Verlinkung nicht erkennbar. Eine permanente inhaltliche Kontrolle der verlinkten Seiten ist jedoch ohne konkrete Anhaltspunkte einer Rechtsverletzung nicht zumutbar. Bei Bekanntwerden von Rechtsverletzungen werden wir derartige Links umgehend entfernen.<\/p>\n<p><em>Urheberrecht<\/em><\/p>\n<p>Die durch die Seitenbetreiber erstellten Inhalte und Werke auf diesen Seiten unterliegen dem deutschen Urheberrecht. Die Vervielf\u00e4ltigung, Bearbeitung, Verbreitung und jede Art der Verwertung au\u00dferhalb der Grenzen des Urheberrechtes bed\u00fcrfen der schriftlichen Zustimmung des jeweiligen Autors bzw. Erstellers. Downloads und Kopien dieser Seite sind nur f\u00fcr den privaten, nicht kommerziellen Gebrauch gestattet. Soweit die Inhalte auf dieser Seite nicht vom Betreiber erstellt wurden, werden die Urheberrechte Dritter beachtet. Insbesondere werden Inhalte Dritter als solche gekennzeichnet. Sollten Sie trotzdem auf eine Urheberrechtsverletzung aufmerksam werden, bitten wir um einen entsprechenden Hinweis. Bei Bekanntwerden von Rechtsverletzungen werden wir derartige Inhalte umgehend entfernen.<\/p>\n<p>Quellenangaben: eRecht24<\/p>\n","protected":false},"excerpt":{"rendered":"<p>Datenschutzerkl\u00e4rung Verantwortliche Stelle im Sinne der Datenschutzgesetze, insbesondere der EU-Datenschutzgrundverordnung (DSGVO), ist: TC Niddatal e.V. Assenheimer Stra\u00dfe, 61194 Niddatal Zustelladresse: Thomas-Mann-Stra\u00dfe 9, 61194 Niddatal Ihre Betroffenenrechte Unter den angegebenen Kontaktdaten unseres Datenschutzbeauftragten k\u00f6nnen Sie jederzeit folgende Rechte aus\u00fcben: \u2022 Auskunft \u00fcber Ihre bei uns gespeicherten Daten und deren Verarbeitung, \u2022 Berichtigung unrichtiger personenbezogener Daten, \u2022 <span class=\"ellipsis\">&hellip;<\/span> <span class=\"more-link-wrap\"><a href=\"https:\/\/www2.tc-niddatal.de\/?page_id=2632\" class=\"more-link\"><span>Read More &rarr;<\/span><\/a><\/span><\/p>\n","protected":false},"author":1,"featured_media":0,"parent":0,"menu_order":0,"comment_status":"closed","ping_status":"closed","template":"","meta":{"ngg_post_thumbnail":0,"footnotes":""},"class_list":["post-2632","page","type-page","status-publish","hentry"],"_links":{"self":[{"href":"https:\/\/www2.tc-niddatal.de\/index.php?rest_route=\/wp\/v2\/pages\/2632","targetHints":{"allow":["GET"]}}],"collection":[{"href":"https:\/\/www2.tc-niddatal.de\/index.php?rest_route=\/wp\/v2\/pages"}],"about":[{"href":"https:\/\/www2.tc-niddatal.de\/index.php?rest_route=\/wp\/v2\/types\/page"}],"author":[{"embeddable":true,"href":"https:\/\/www2.tc-niddatal.de\/index.php?rest_route=\/wp\/v2\/users\/1"}],"replies":[{"embeddable":true,"href":"https:\/\/www2.tc-niddatal.de\/index.php?rest_route=%2Fwp%2Fv2%2Fcomments&post=2632"}],"version-history":[{"count":3,"href":"https:\/\/www2.tc-niddatal.de\/index.php?rest_route=\/wp\/v2\/pages\/2632\/revisions"}],"predecessor-version":[{"id":2690,"href":"https:\/\/www2.tc-niddatal.de\/index.php?rest_route=\/wp\/v2\/pages\/2632\/revisions\/2690"}],"wp:attachment":[{"href":"https:\/\/www2.tc-niddatal.de\/index.php?rest_route=%2Fwp%2Fv2%2Fmedia&parent=2632"}],"curies":[{"name":"wp","href":"https:\/\/api.w.org\/{rel}","templated":true}]}}